[INFO] fetching crate actix-session 0.7.2...
[INFO] checking actix-session-0.7.2 against master#e6e4f7ed1589e03bc2f6c5931c1a72e7947e8682 for beta-170-4
[INFO] extracting crate actix-session 0.7.2 into /workspace/builds/worker-1-tc2/source
[INFO] validating manifest of crates.io crate actix-session 0.7.2 on toolchain e6e4f7ed1589e03bc2f6c5931c1a72e7947e8682
[INFO] running `Command { std: CARGO_HOME="/workspace/cargo-home" RUSTUP_HOME="/workspace/rustup-home" "/workspace/cargo-home/bin/cargo" "+e6e4f7ed1589e03bc2f6c5931c1a72e7947e8682" "metadata" "--manifest-path" "Cargo.toml" "--no-deps", kill_on_drop: false }`
[INFO] started tweaking crates.io crate actix-session 0.7.2
[INFO] removed 0 missing examples
[INFO] finished tweaking crates.io crate actix-session 0.7.2
[INFO] tweaked toml for crates.io crate actix-session 0.7.2 written to /workspace/builds/worker-1-tc2/source/Cargo.toml
[INFO] crate crates.io crate actix-session 0.7.2 already has a lockfile, it will not be regenerated
[INFO] running `Command { std: CARGO_HOME="/workspace/cargo-home" RUSTUP_HOME="/workspace/rustup-home" "/workspace/cargo-home/bin/cargo" "+e6e4f7ed1589e03bc2f6c5931c1a72e7947e8682" "fetch" "--manifest-path" "Cargo.toml", kill_on_drop: false }`
[INFO] running `Command { std: "docker" "create" "-v" "/var/lib/crater-agent-workspace/builds/worker-1-tc2/target:/opt/rustwide/target:rw,Z" "-v" "/var/lib/crater-agent-workspace/builds/worker-1-tc2/source:/opt/rustwide/workdir:ro,Z" "-v" "/var/lib/crater-agent-workspace/cargo-home:/opt/rustwide/cargo-home:ro,Z" "-v" "/var/lib/crater-agent-workspace/rustup-home:/opt/rustwide/rustup-home:ro,Z" "-e" "SOURCE_DIR=/opt/rustwide/workdir" "-e" "CARGO_TARGET_DIR=/opt/rustwide/target" "-e" "CARGO_HOME=/opt/rustwide/cargo-home" "-e" "RUSTUP_HOME=/opt/rustwide/rustup-home" "-w" "/opt/rustwide/workdir" "-m" "1610612736" "--user" "0:0" "--network" "none" "ghcr.io/rust-lang/crates-build-env/linux@sha256:19e73879b68f455e41552ea35293514db52ea292d993f571636dbffedb77a1ee" "/opt/rustwide/cargo-home/bin/cargo" "+e6e4f7ed1589e03bc2f6c5931c1a72e7947e8682" "metadata" "--no-deps" "--format-version=1", kill_on_drop: false }`
[INFO] [stdout] 2c4055d783693d18ad711b21b9410860a08173dcaf980c806dd7074290fdc44b
[INFO] running `Command { std: "docker" "start" "-a" "2c4055d783693d18ad711b21b9410860a08173dcaf980c806dd7074290fdc44b", kill_on_drop: false }`
[INFO] running `Command { std: "docker" "inspect" "2c4055d783693d18ad711b21b9410860a08173dcaf980c806dd7074290fdc44b", kill_on_drop: false }`
[INFO] running `Command { std: "docker" "rm" "-f" "2c4055d783693d18ad711b21b9410860a08173dcaf980c806dd7074290fdc44b", kill_on_drop: false }`
[INFO] [stdout] 2c4055d783693d18ad711b21b9410860a08173dcaf980c806dd7074290fdc44b
[INFO] running `Command { std: "docker" "create" "-v" "/var/lib/crater-agent-workspace/builds/worker-1-tc2/target:/opt/rustwide/target:rw,Z" "-v" "/var/lib/crater-agent-workspace/builds/worker-1-tc2/source:/opt/rustwide/workdir:ro,Z" "-v" "/var/lib/crater-agent-workspace/cargo-home:/opt/rustwide/cargo-home:ro,Z" "-v" "/var/lib/crater-agent-workspace/rustup-home:/opt/rustwide/rustup-home:ro,Z" "-e" "SOURCE_DIR=/opt/rustwide/workdir" "-e" "CARGO_TARGET_DIR=/opt/rustwide/target" "-e" "CARGO_INCREMENTAL=0" "-e" "RUST_BACKTRACE=full" "-e" "RUSTFLAGS=--cap-lints=forbid" "-e" "RUSTDOCFLAGS=--cap-lints=forbid" "-e" "CARGO_HOME=/opt/rustwide/cargo-home" "-e" "RUSTUP_HOME=/opt/rustwide/rustup-home" "-w" "/opt/rustwide/workdir" "-m" "1610612736" "--user" "0:0" "--network" "none" "ghcr.io/rust-lang/crates-build-env/linux@sha256:19e73879b68f455e41552ea35293514db52ea292d993f571636dbffedb77a1ee" "/opt/rustwide/cargo-home/bin/cargo" "+e6e4f7ed1589e03bc2f6c5931c1a72e7947e8682" "check" "--frozen" "--all" "--all-targets" "--message-format=json", kill_on_drop: false }`
[INFO] [stdout] 453bfcb0b144a57c74b5f77cd6aa178f755bf5d8039c8ecaa5e9a510aa4aed3b
[INFO] running `Command { std: "docker" "start" "-a" "453bfcb0b144a57c74b5f77cd6aa178f755bf5d8039c8ecaa5e9a510aa4aed3b", kill_on_drop: false }`
[INFO] [stderr]    Compiling libc v0.2.132
[INFO] [stderr]    Compiling typenum v1.15.0
[INFO] [stderr]     Checking pin-project-lite v0.2.9
[INFO] [stderr]    Compiling log v0.4.17
[INFO] [stderr]    Compiling memchr v2.5.0
[INFO] [stderr]    Compiling futures-core v0.3.24
[INFO] [stderr]    Compiling generic-array v0.14.6
[INFO] [stderr]     Checking subtle v2.4.1
[INFO] [stderr]    Compiling lock_api v0.4.8
[INFO] [stderr]     Checking bytes v1.2.1
[INFO] [stderr]     Checking once_cell v1.14.0
[INFO] [stderr]    Compiling parking_lot_core v0.9.3
[INFO] [stderr]     Checking smallvec v1.9.0
[INFO] [stderr]    Compiling tokio v1.21.0
[INFO] [stderr]     Checking cpufeatures v0.2.5
[INFO] [stderr]     Checking itoa v1.0.3
[INFO] [stderr]    Compiling proc-macro2 v1.0.43
[INFO] [stderr]    Compiling futures-task v0.3.24
[INFO] [stderr]     Checking tracing-core v0.1.29
[INFO] [stderr]    Compiling futures-util v0.3.24
[INFO] [stderr]    Compiling quote v1.0.21
[INFO] [stderr]    Compiling unicode-ident v1.0.3
[INFO] [stderr]     Checking socket2 v0.4.7
[INFO] [stderr]     Checking mio v0.8.4
[INFO] [stderr]     Checking signal-hook-registry v1.4.0
[INFO] [stderr]     Checking getrandom v0.2.7
[INFO] [stderr]     Checking tracing v0.1.36
[INFO] [stderr]     Checking parking_lot v0.12.1
[INFO] [stderr]     Checking opaque-debug v0.3.0
[INFO] [stderr]    Compiling serde v1.0.144
[INFO] [stderr]     Checking percent-encoding v2.2.0
[INFO] [stderr]     Checking futures-sink v0.3.24
[INFO] [stderr]    Compiling syn v1.0.99
[INFO] [stderr]     Checking rand_core v0.6.3
[INFO] [stderr]    Compiling slab v0.4.7
[INFO] [stderr]    Compiling indexmap v1.9.1
[INFO] [stderr]     Checking local-waker v0.1.3
[INFO] [stderr]     Checking tinyvec_macros v0.1.0
[INFO] [stderr]     Checking ppv-lite86 v0.2.16
[INFO] [stderr]     Checking tinyvec v1.6.0
[INFO] [stderr]     Checking http v0.2.8
[INFO] [stderr]     Checking rand_chacha v0.3.1
[INFO] [stderr]    Compiling ahash v0.7.6
[INFO] [stderr]    Compiling httparse v1.8.0
[INFO] [stderr]     Checking crypto-common v0.1.6
[INFO] [stderr]     Checking block-buffer v0.10.3
[INFO] [stderr]     Checking universal-hash v0.4.1
[INFO] [stderr]     Checking cipher v0.3.0
[INFO] [stderr]     Checking digest v0.10.3
[INFO] [stderr]     Checking polyval v0.5.3
[INFO] [stderr]    Compiling paste v1.0.9
[INFO] [stderr]    Compiling encoding_rs v0.8.31
[INFO] [stderr]     Checking hashbrown v0.12.3
[INFO] [stderr]     Checking hmac v0.12.1
[INFO] [stderr]     Checking ctr v0.8.0
[INFO] [stderr]     Checking aes v0.7.5
[INFO] [stderr]     Checking ghash v0.4.4
[INFO] [stderr]     Checking aead v0.4.3
[INFO] [stderr]     Checking unicode-normalization v0.1.21
[INFO] [stderr]     Checking rand v0.8.5
[INFO] [stderr]     Checking actix-service v2.0.2
[INFO] [stderr]     Checking actix-utils v3.0.0
[INFO] [stderr]     Checking form_urlencoded v1.1.0
[INFO] [stderr]     Checking aho-corasick v0.7.19
[INFO] [stderr]     Checking bytestring v1.1.0
[INFO] [stderr]    Compiling cookie v0.16.0
[INFO] [stderr]     Checking num_threads v0.1.6
[INFO] [stderr]     Checking regex-syntax v0.6.27
[INFO] [stderr]    Compiling time-macros v0.2.4
[INFO] [stderr]     Checking unicode-bidi v0.3.8
[INFO] [stderr]    Compiling convert_case v0.4.0
[INFO] [stderr]     Checking ryu v1.0.11
[INFO] [stderr]     Checking base64 v0.13.0
[INFO] [stderr]    Compiling serde_json v1.0.85
[INFO] [stderr]     Checking idna v0.3.0
[INFO] [stderr]     Checking local-channel v0.1.3
[INFO] [stderr]     Checking aes-gcm v0.9.4
[INFO] [stderr]     Checking tokio-util v0.7.4
[INFO] [stderr]     Checking actix-rt v2.7.0
[INFO] [stderr]     Checking hkdf v0.12.3
[INFO] [stderr]     Checking sha1 v0.10.4
[INFO] [stderr]     Checking sha2 v0.10.5
[INFO] [stderr]     Checking num_cpus v1.13.1
[INFO] [stderr]    Compiling async-trait v0.1.57
[INFO] [stderr]     Checking actix-codec v0.5.0
[INFO] [stderr]     Checking h2 v0.3.14
[INFO] [stderr]     Checking language-tags v0.3.2
[INFO] [stderr]     Checking firestorm v0.5.1
[INFO] [stderr]     Checking httpdate v1.0.2
[INFO] [stderr]     Checking time v0.3.14
[INFO] [stderr]     Checking mime v0.3.16
[INFO] [stderr]    Compiling anyhow v1.0.64
[INFO] [stderr]     Checking regex v1.6.0
[INFO] [stderr]     Checking serde_urlencoded v0.7.1
[INFO] [stderr]     Checking actix-server v2.1.1
[INFO] [stderr]     Checking url v2.3.1
[INFO] [stderr]     Checking actix-router v0.5.0
[INFO] [stderr]    Compiling derive_more v0.99.17
[INFO] [stderr]     Checking actix-http v3.2.2
[INFO] [stderr]     Checking actix-web v4.2.0
[INFO] [stderr]     Checking actix-session v0.7.2 (/opt/rustwide/workdir)
[INFO] [stdout] error: cannot find derive macro `Serialize` in this scope
[INFO] [stdout]    --> src/lib.rs:651:40
[INFO] [stdout]     |
[INFO] [stdout] 651 |         #[derive(Debug, PartialEq, Eq, Serialize, Deserialize)]
[INFO] [stdout]     |                                        ^^^^^^^^^
[INFO] [stdout]     |
[INFO] [stdout] note: `Serialize` is imported here, but it is only a trait, without a derive macro
[INFO] [stdout]    --> src/lib.rs:207:34
[INFO] [stdout]     |
[INFO] [stdout] 207 |         use serde::{Deserialize, Serialize};
[INFO] [stdout]     |                                  ^^^^^^^^^
[INFO] [stdout] 
[INFO] [stdout] 
[INFO] [stdout] error: cannot find derive macro `Deserialize` in this scope
[INFO] [stdout]    --> src/lib.rs:651:51
[INFO] [stdout]     |
[INFO] [stdout] 651 |         #[derive(Debug, PartialEq, Eq, Serialize, Deserialize)]
[INFO] [stdout]     |                                                   ^^^^^^^^^^^
[INFO] [stdout]     |
[INFO] [stdout] note: `Deserialize` is imported here, but it is only a trait, without a derive macro
[INFO] [stdout]    --> src/lib.rs:207:21
[INFO] [stdout]     |
[INFO] [stdout] 207 |         use serde::{Deserialize, Serialize};
[INFO] [stdout]     |                     ^^^^^^^^^^^
[INFO] [stdout] 
[INFO] [stdout] 
[INFO] [stdout] error: cannot find derive macro `Deserialize` in this scope
[INFO] [stdout]    --> src/lib.rs:685:18
[INFO] [stdout]     |
[INFO] [stdout] 685 |         #[derive(Deserialize)]
[INFO] [stdout]     |                  ^^^^^^^^^^^
[INFO] [stdout]     |
[INFO] [stdout] note: `Deserialize` is imported here, but it is only a trait, without a derive macro
[INFO] [stdout]    --> src/lib.rs:207:21
[INFO] [stdout]     |
[INFO] [stdout] 207 |         use serde::{Deserialize, Serialize};
[INFO] [stdout]     |                     ^^^^^^^^^^^
[INFO] [stdout] 
[INFO] [stdout] 
[INFO] [stdout] error[E0433]: failed to resolve: use of undeclared crate or module `actix_test`
[INFO] [stdout]    --> src/lib.rs:445:23
[INFO] [stdout]     |
[INFO] [stdout] 445 |             let srv = actix_test::start(move || {
[INFO] [stdout]     |                       ^^^^^^^^^^ use of undeclared crate or module `actix_test`
[INFO] [stdout]     |
[INFO] [stdout] help: there is a crate or module with a similar name
[INFO] [stdout]     |
[INFO] [stdout] 445 |             let srv = actix_web::start(move || {
[INFO] [stdout]     |                       ~~~~~~~~~
[INFO] [stdout] 
[INFO] [stdout] 
[INFO] [stdout] error[E0277]: the trait bound `for<'de> acceptance_tests::Identity: serde::Deserialize<'de>` is not satisfied
[INFO] [stdout]    --> src/lib.rs:459:62
[INFO] [stdout]     |
[INFO] [stdout] 459 |                     .service(resource("/login").route(post().to(login)))
[INFO] [stdout]     |                                                              ^^ the trait `for<'de> serde::Deserialize<'de>` is not implemented for `acceptance_tests::Identity`
[INFO] [stdout]     |
[INFO] [stdout]     = help: the following other types implement trait `serde::Deserialize<'de>`:
[INFO] [stdout]               &'a [u8]
[INFO] [stdout]               &'a std::path::Path
[INFO] [stdout]               &'a str
[INFO] [stdout]               ()
[INFO] [stdout]               (T0, T1)
[INFO] [stdout]               (T0, T1, T2)
[INFO] [stdout]               (T0, T1, T2, T3)
[INFO] [stdout]               (T0, T1, T2, T3, T4)
[INFO] [stdout]             and 127 others
[INFO] [stdout]     = note: required for `acceptance_tests::Identity` to implement `DeserializeOwned`
[INFO] [stdout]     = note: required for `actix_web::web::Json<acceptance_tests::Identity>` to implement `FromRequest`
[INFO] [stdout]     = note: 1 redundant requirement hidden
[INFO] [stdout]     = note: required for `(actix_web::web::Json<acceptance_tests::Identity>, session::Session)` to implement `FromRequest`
[INFO] [stdout] note: required by a bound in `Route::to`
[INFO] [stdout]    --> /opt/rustwide/cargo-home/registry/src/index.crates.io-6f17d22bba15001f/actix-web-4.2.0/src/route.rs:212:15
[INFO] [stdout]     |
[INFO] [stdout] 209 |     pub fn to<F, Args>(mut self, handler: F) -> Self
[INFO] [stdout]     |            -- required by a bound in this associated function
[INFO] [stdout] ...
[INFO] [stdout] 212 |         Args: FromRequest + 'static,
[INFO] [stdout]     |               ^^^^^^^^^^^ required by this bound in `Route::to`
[INFO] [stdout] 
[INFO] [stdout] 
[INFO] [stdout] error[E0433]: failed to resolve: could not find `test` in `actix_web`
[INFO] [stdout]   --> tests/opaque_errors.rs:15:14
[INFO] [stdout]    |
[INFO] [stdout] 15 | #[actix_web::test]
[INFO] [stdout]    |              ^^^^ could not find `test` in `actix_web`
[INFO] [stdout] 
[INFO] [stdout] 
[INFO] [stdout] error[E0433]: failed to resolve: could not find `test` in `actix_web`
[INFO] [stdout]  --> tests/session.rs:4:14
[INFO] [stdout]   |
[INFO] [stdout] 4 | #[actix_web::test]
[INFO] [stdout]   |              ^^^^ could not find `test` in `actix_web`
[INFO] [stdout] 
[INFO] [stdout] 
[INFO] [stdout] error[E0433]: failed to resolve: could not find `test` in `actix_web`
[INFO] [stdout]   --> tests/session.rs:23:14
[INFO] [stdout]    |
[INFO] [stdout] 23 | #[actix_web::test]
[INFO] [stdout]    |              ^^^^ could not find `test` in `actix_web`
[INFO] [stdout] 
[INFO] [stdout] 
[INFO] [stdout] error[E0433]: failed to resolve: could not find `test` in `actix_web`
[INFO] [stdout]   --> tests/session.rs:33:14
[INFO] [stdout]    |
[INFO] [stdout] 33 | #[actix_web::test]
[INFO] [stdout]    |              ^^^^ could not find `test` in `actix_web`
[INFO] [stdout] 
[INFO] [stdout] 
[INFO] [stdout] error[E0433]: failed to resolve: could not find `test` in `actix_web`
[INFO] [stdout]   --> tests/session.rs:43:14
[INFO] [stdout]    |
[INFO] [stdout] 43 | #[actix_web::test]
[INFO] [stdout]    |              ^^^^ could not find `test` in `actix_web`
[INFO] [stdout] 
[INFO] [stdout] 
[INFO] [stdout] error[E0433]: failed to resolve: could not find `test` in `actix_web`
[INFO] [stdout]   --> tests/session.rs:52:14
[INFO] [stdout]    |
[INFO] [stdout] 52 | #[actix_web::test]
[INFO] [stdout]    |              ^^^^ could not find `test` in `actix_web`
[INFO] [stdout] 
[INFO] [stdout] 
[INFO] [stdout] error[E0433]: failed to resolve: could not find `test` in `actix_web`
[INFO] [stdout]   --> tests/session.rs:61:14
[INFO] [stdout]    |
[INFO] [stdout] 61 | #[actix_web::test]
[INFO] [stdout]    |              ^^^^ could not find `test` in `actix_web`
[INFO] [stdout] 
[INFO] [stdout] 
[INFO] [stdout] error[E0433]: failed to resolve: could not find `test` in `actix_web`
[INFO] [stdout]   --> tests/session.rs:72:14
[INFO] [stdout]    |
[INFO] [stdout] 72 | #[actix_web::test]
[INFO] [stdout]    |              ^^^^ could not find `test` in `actix_web`
[INFO] [stdout] 
[INFO] [stdout] 
[INFO] [stdout] error[E0433]: failed to resolve: could not find `test` in `actix_web`
[INFO] [stdout]   --> tests/session.rs:86:14
[INFO] [stdout]    |
[INFO] [stdout] 86 | #[actix_web::test]
[INFO] [stdout]    |              ^^^^ could not find `test` in `actix_web`
[INFO] [stdout] 
[INFO] [stdout] 
[INFO] [stdout] error[E0433]: failed to resolve: could not find `test` in `actix_web`
[INFO] [stdout]    --> tests/session.rs:100:14
[INFO] [stdout]     |
[INFO] [stdout] 100 | #[actix_web::test]
[INFO] [stdout]     |              ^^^^ could not find `test` in `actix_web`
[INFO] [stdout] 
[INFO] [stdout] 
[INFO] [stdout] error[E0432]: unresolved import `actix_session::storage::CookieSessionStore`
[INFO] [stdout]  --> tests/middleware.rs:1:21
[INFO] [stdout]   |
[INFO] [stdout] 1 | use actix_session::{storage::CookieSessionStore, Session, SessionMiddleware};
[INFO] [stdout]   |                     ^^^^^^^^^------------------
[INFO] [stdout]   |                     |        |
[INFO] [stdout]   |                     |        help: a similar name exists in the module: `SessionStore`
[INFO] [stdout]   |                     no `CookieSessionStore` in `storage`
[INFO] [stdout] 
[INFO] [stdout] 
[INFO] [stdout] error[E0433]: failed to resolve: could not find `test` in `actix_web`
[INFO] [stdout]   --> tests/middleware.rs:17:14
[INFO] [stdout]    |
[INFO] [stdout] 17 | #[actix_web::test]
[INFO] [stdout]    |              ^^^^ could not find `test` in `actix_web`
[INFO] [stdout] 
[INFO] [stdout] 
[INFO] [stdout] error[E0433]: failed to resolve: use of undeclared crate or module `actix_test`
[INFO] [stdout]    --> src/lib.rs:356:23
[INFO] [stdout]     |
[INFO] [stdout] 356 |             let srv = actix_test::start(move || {
[INFO] [stdout]     |                       ^^^^^^^^^^ use of undeclared crate or module `actix_test`
[INFO] [stdout]     |
[INFO] [stdout] help: there is a crate or module with a similar name
[INFO] [stdout]     |
[INFO] [stdout] 356 |             let srv = actix_web::start(move || {
[INFO] [stdout]     |                       ~~~~~~~~~
[INFO] [stdout] 
[INFO] [stdout] 
[INFO] [stdout] error[E0277]: the trait bound `for<'de> acceptance_tests::Identity: serde::Deserialize<'de>` is not satisfied
[INFO] [stdout]    --> src/lib.rs:370:62
[INFO] [stdout]     |
[INFO] [stdout] 370 |                     .service(resource("/login").route(post().to(login)))
[INFO] [stdout]     |                                                              ^^ the trait `for<'de> serde::Deserialize<'de>` is not implemented for `acceptance_tests::Identity`
[INFO] [stdout]     |
[INFO] [stdout]     = help: the following other types implement trait `serde::Deserialize<'de>`:
[INFO] [stdout]               &'a [u8]
[INFO] [stdout]               &'a std::path::Path
[INFO] [stdout]               &'a str
[INFO] [stdout]               ()
[INFO] [stdout]               (T0, T1)
[INFO] [stdout]               (T0, T1, T2)
[INFO] [stdout]               (T0, T1, T2, T3)
[INFO] [stdout]               (T0, T1, T2, T3, T4)
[INFO] [stdout]             and 127 others
[INFO] [stdout]     = note: required for `acceptance_tests::Identity` to implement `DeserializeOwned`
[INFO] [stdout]     = note: required for `actix_web::web::Json<acceptance_tests::Identity>` to implement `FromRequest`
[INFO] [stdout]     = note: 1 redundant requirement hidden
[INFO] [stdout]     = note: required for `(actix_web::web::Json<acceptance_tests::Identity>, session::Session)` to implement `FromRequest`
[INFO] [stdout] note: required by a bound in `Route::to`
[INFO] [stdout]    --> /opt/rustwide/cargo-home/registry/src/index.crates.io-6f17d22bba15001f/actix-web-4.2.0/src/route.rs:212:15
[INFO] [stdout]     |
[INFO] [stdout] 209 |     pub fn to<F, Args>(mut self, handler: F) -> Self
[INFO] [stdout]     |            -- required by a bound in this associated function
[INFO] [stdout] ...
[INFO] [stdout] 212 |         Args: FromRequest + 'static,
[INFO] [stdout]     |               ^^^^^^^^^^^ required by this bound in `Route::to`
[INFO] [stdout] 
[INFO] [stdout] 
[INFO] [stdout] error: aborting due to 9 previous errors
[INFO] [stdout] 
[INFO] [stdout] 
[INFO] [stdout] For more information about this error, try `rustc --explain E0433`.
[INFO] [stdout] 
[INFO] [stdout] error: aborting due to previous error
[INFO] [stdout] 
[INFO] [stdout] 
[INFO] [stdout] For more information about this error, try `rustc --explain E0433`.
[INFO] [stdout] 
[INFO] [stderr] error: could not compile `actix-session` (test "session") due to 10 previous errors
[INFO] [stderr] warning: build failed, waiting for other jobs to finish...
[INFO] [stdout] error[E0277]: the trait bound `IndexResponse: serde::Serialize` is not satisfied
[INFO] [stdout]    --> src/lib.rs:664:41
[INFO] [stdout]     |
[INFO] [stdout] 664 |             Ok(HttpResponse::Ok().json(&IndexResponse { user_id, counter }))
[INFO] [stdout]     |                                   ----  ^^^^^^^^^^^^^^^^^^^^^^^^^^^^^^^^^^ the trait `serde::Serialize` is not implemented for `IndexResponse`
[INFO] [stdout]     |                                   |
[INFO] [stdout]     |                                   required by a bound introduced by this call
[INFO] [stdout]     |
[INFO] [stdout]     = help: the following other types implement trait `serde::Serialize`:
[INFO] [stdout]               &'a T
[INFO] [stdout]               &'a mut T
[INFO] [stdout]               ()
[INFO] [stdout]               (T0, T1)
[INFO] [stdout]               (T0, T1, T2)
[INFO] [stdout]               (T0, T1, T2, T3)
[INFO] [stdout]               (T0, T1, T2, T3, T4)
[INFO] [stdout]               (T0, T1, T2, T3, T4, T5)
[INFO] [stdout]             and 130 others
[INFO] [stdout]     = note: required for `&IndexResponse` to implement `serde::Serialize`
[INFO] [stdout] note: required by a bound in `HttpResponseBuilder::json`
[INFO] [stdout]    --> /opt/rustwide/cargo-home/registry/src/index.crates.io-6f17d22bba15001f/actix-web-4.2.0/src/response/builder.rs:332:40
[INFO] [stdout]     |
[INFO] [stdout] 332 |     pub fn json(&mut self, value: impl Serialize) -> HttpResponse {
[INFO] [stdout]     |                                        ^^^^^^^^^ required by this bound in `HttpResponseBuilder::json`
[INFO] [stdout] 
[INFO] [stdout] 
[INFO] [stderr] error: could not compile `actix-session` (test "opaque_errors") due to 2 previous errors
[INFO] [stdout] error[E0277]: the trait bound `IndexResponse: serde::Serialize` is not satisfied
[INFO] [stdout]    --> src/lib.rs:675:41
[INFO] [stdout]     |
[INFO] [stdout] 675 |             Ok(HttpResponse::Ok().json(&IndexResponse { user_id, counter }))
[INFO] [stdout]     |                                   ----  ^^^^^^^^^^^^^^^^^^^^^^^^^^^^^^^^^^ the trait `serde::Serialize` is not implemented for `IndexResponse`
[INFO] [stdout]     |                                   |
[INFO] [stdout]     |                                   required by a bound introduced by this call
[INFO] [stdout]     |
[INFO] [stdout]     = help: the following other types implement trait `serde::Serialize`:
[INFO] [stdout]               &'a T
[INFO] [stdout]               &'a mut T
[INFO] [stdout]               ()
[INFO] [stdout]               (T0, T1)
[INFO] [stdout]               (T0, T1, T2)
[INFO] [stdout]               (T0, T1, T2, T3)
[INFO] [stdout]               (T0, T1, T2, T3, T4)
[INFO] [stdout]               (T0, T1, T2, T3, T4, T5)
[INFO] [stdout]             and 130 others
[INFO] [stdout]     = note: required for `&IndexResponse` to implement `serde::Serialize`
[INFO] [stdout] note: required by a bound in `HttpResponseBuilder::json`
[INFO] [stdout]    --> /opt/rustwide/cargo-home/registry/src/index.crates.io-6f17d22bba15001f/actix-web-4.2.0/src/response/builder.rs:332:40
[INFO] [stdout]     |
[INFO] [stdout] 332 |     pub fn json(&mut self, value: impl Serialize) -> HttpResponse {
[INFO] [stdout]     |                                        ^^^^^^^^^ required by this bound in `HttpResponseBuilder::json`
[INFO] [stdout] 
[INFO] [stdout] 
[INFO] [stdout] error: aborting due to 2 previous errors
[INFO] [stdout] 
[INFO] [stdout] 
[INFO] [stdout] Some errors have detailed explanations: E0432, E0433.
[INFO] [stdout] 
[INFO] [stdout] For more information about an error, try `rustc --explain E0432`.
[INFO] [stdout] 
[INFO] [stdout] error[E0277]: the trait bound `IndexResponse: serde::Serialize` is not satisfied
[INFO] [stdout]    --> src/lib.rs:682:41
[INFO] [stdout]     |
[INFO] [stdout] 682 |             Ok(HttpResponse::Ok().json(&IndexResponse { user_id, counter }))
[INFO] [stdout]     |                                   ----  ^^^^^^^^^^^^^^^^^^^^^^^^^^^^^^^^^^ the trait `serde::Serialize` is not implemented for `IndexResponse`
[INFO] [stdout]     |                                   |
[INFO] [stdout]     |                                   required by a bound introduced by this call
[INFO] [stdout]     |
[INFO] [stdout]     = help: the following other types implement trait `serde::Serialize`:
[INFO] [stdout]               &'a T
[INFO] [stdout]               &'a mut T
[INFO] [stdout]               ()
[INFO] [stdout]               (T0, T1)
[INFO] [stdout]               (T0, T1, T2)
[INFO] [stdout]               (T0, T1, T2, T3)
[INFO] [stdout]               (T0, T1, T2, T3, T4)
[INFO] [stdout]               (T0, T1, T2, T3, T4, T5)
[INFO] [stdout]             and 130 others
[INFO] [stdout]     = note: required for `&IndexResponse` to implement `serde::Serialize`
[INFO] [stdout] note: required by a bound in `HttpResponseBuilder::json`
[INFO] [stdout]    --> /opt/rustwide/cargo-home/registry/src/index.crates.io-6f17d22bba15001f/actix-web-4.2.0/src/response/builder.rs:332:40
[INFO] [stdout]     |
[INFO] [stdout] 332 |     pub fn json(&mut self, value: impl Serialize) -> HttpResponse {
[INFO] [stdout]     |                                        ^^^^^^^^^ required by this bound in `HttpResponseBuilder::json`
[INFO] [stdout] 
[INFO] [stdout] 
[INFO] [stderr] error: could not compile `actix-session` (test "middleware") due to 3 previous errors
[INFO] [stdout] error[E0277]: the trait bound `IndexResponse: serde::Serialize` is not satisfied
[INFO] [stdout]    --> src/lib.rs:700:41
[INFO] [stdout]     |
[INFO] [stdout] 700 |               Ok(HttpResponse::Ok().json(&IndexResponse {
[INFO] [stdout]     |  ___________________________________----__^
[INFO] [stdout]     | |                                   |
[INFO] [stdout]     | |                                   required by a bound introduced by this call
[INFO] [stdout] 701 | |                 user_id: Some(id),
[INFO] [stdout] 702 | |                 counter,
[INFO] [stdout] 703 | |             }))
[INFO] [stdout]     | |_____________^ the trait `serde::Serialize` is not implemented for `IndexResponse`
[INFO] [stdout]     |
[INFO] [stdout]     = help: the following other types implement trait `serde::Serialize`:
[INFO] [stdout]               &'a T
[INFO] [stdout]               &'a mut T
[INFO] [stdout]               ()
[INFO] [stdout]               (T0, T1)
[INFO] [stdout]               (T0, T1, T2)
[INFO] [stdout]               (T0, T1, T2, T3)
[INFO] [stdout]               (T0, T1, T2, T3, T4)
[INFO] [stdout]               (T0, T1, T2, T3, T4, T5)
[INFO] [stdout]             and 130 others
[INFO] [stdout]     = note: required for `&IndexResponse` to implement `serde::Serialize`
[INFO] [stdout] note: required by a bound in `HttpResponseBuilder::json`
[INFO] [stdout]    --> /opt/rustwide/cargo-home/registry/src/index.crates.io-6f17d22bba15001f/actix-web-4.2.0/src/response/builder.rs:332:40
[INFO] [stdout]     |
[INFO] [stdout] 332 |     pub fn json(&mut self, value: impl Serialize) -> HttpResponse {
[INFO] [stdout]     |                                        ^^^^^^^^^ required by this bound in `HttpResponseBuilder::json`
[INFO] [stdout] 
[INFO] [stdout] 
[INFO] [stdout] error: aborting due to 11 previous errors
[INFO] [stdout] 
[INFO] [stdout] 
[INFO] [stdout] Some errors have detailed explanations: E0277, E0433.
[INFO] [stdout] 
[INFO] [stdout] For more information about an error, try `rustc --explain E0277`.
[INFO] [stdout] 
[INFO] [stderr] error: could not compile `actix-session` (lib test) due to 12 previous errors
[INFO] running `Command { std: "docker" "inspect" "453bfcb0b144a57c74b5f77cd6aa178f755bf5d8039c8ecaa5e9a510aa4aed3b", kill_on_drop: false }`
[INFO] running `Command { std: "docker" "rm" "-f" "453bfcb0b144a57c74b5f77cd6aa178f755bf5d8039c8ecaa5e9a510aa4aed3b", kill_on_drop: false }`
[INFO] [stdout] 453bfcb0b144a57c74b5f77cd6aa178f755bf5d8039c8ecaa5e9a510aa4aed3b
